h?
41
Let j(p) = -p**3 - 3*p**2 + 3*p - 5. Let s be j(-4). Let n be 201/6*(1 - s). Let v = -44 + n. Calculate the highest common factor of 115 and v.
23
Let q = 168 - 165. Let f(n) = n + 17. Let o be f(-10). Suppose 0 = 5*s + 15, -o*j + 21 = -2*j + 3*s. Calculate the highest common divisor of q and j.
3
Let l be 1*16*1 + -1. Let s = 16 + -12. Let t be (-1)/s + 122/8. Calculate the highest common divisor of t and l.
15
Suppose s - a + 1 = 3, -a - 8 = s. Suppose 39 = -2*q + 3*p, 6*q - q + 2*p = -107. Let v be s/9*3 - q. What is the greatest common factor of v and 20?
20
Suppose -122*b - 2860 = -127*b. Calculate the greatest common divisor of b and 312.
52
Suppose -5*x - 3*p + 68 - 16 = 0, 3*x - 32 = -2*p. Suppose 0 = 5*l + 14*j - 11*j - 317, 0 = 2*l - 2*j - 130. What is the greatest common divisor of x and l?
8
Suppose -12 = 3*h, 7 = -4*t - h - 5. Let w be (-501)/(-12) - t/8. Let y = 1405 + -1399. Calculate the greatest common factor of w and y.
6
Let o be (-82)/(-369) - 9788/(-18). Calculate the greatest common divisor of o and 17.
17
Let r(n) = -n**2 + 58*n + 9. Let p be r(57). Calculate the greatest common divisor of 814 and p.
22
Let z(v) = -v**3 + 11*v**2 - 11*v - 30. Let m be z(9). What is the highest common factor of m and 99?
33
Let j = 2330 + -2274. Calculate the highest common factor of j and 56.
56
Let v(o) = -17*o + 15. Let n be v(-9). Calculate the greatest common factor of n and 126.
42
Let p(m) = 2*m**3 + 8*m**2 + 11*m - 7. Let r be p(9). Calculate the greatest common factor of 14 and r.
14
Let s(j) = 2*j + 33. Let b be s(-14). Suppose 4*i - 761 = -b*w + 178, -5*w = 5*i - 1175. What is the highest common divisor of 59 and i?
59
Suppose 0*n = -3*n + 9. Let p = 58 + -54. Let v = 10 - p. What is the highest common divisor of n and v?
3
Let p(t) = -t**3 - 15*t**2 + 27*t - 56. Let f be p(-17). What is the greatest common factor of 1449 and f?
63
Suppose 5*h - 418 = 102. Let x be (-3)/(-9) - (-20)/3. Let l(s) = -s**3 + 8*s**2 - 7*s + 13. Let a be l(x). Calculate the greatest common factor of h and a.
13
Let j = 53 - 35. What is the highest common factor of j and 24?
6
Let k be 3064/26 - (-28)/182. Let h = 127 - k. Calculate the greatest common divisor of 171 and h.
9
Suppose 3*u - 73 = -y, -92*y + 3*u + 137 = -90*y. What is the greatest common divisor of y and 10?
10
Let t = -267 - -354. What is the greatest common factor of 290 and t?
29
Let k(x) be the first derivative of x**4 + 2*x**3/3 - x**2 + 5*x + 5. Let b be k(4). Suppose 0 = -d - 2*d + b. Calculate the highest common factor of d and 19.
19
Suppose -g - 281 = -2*g + b, -5*b + 1124 = 4*g. Let r = g + -193. Let x = -53 + r. What is the greatest common divisor of 14 and x?
7
Let o be (-8)/(-14)*(-7)/(-2). Let f(r) = -3*r + r**2 + r**2 + r - r**o - r**3. Let u be f(-3). Calculate the highest common factor of u and 28.
14
Let y(w) = w**3 - 4*w**2 - 6*w + 1. Let i be y(5). Let v(d) = -15*d + d**2 + 15*d - 2 - 6*d. Let q be v(i). What is the greatest common factor of q and 95?
19
Suppose -4*w = 3*h - 227, 15*w = 11*w - h + 217. What is the greatest common divisor of w and 1?
1
Let z(c) = 4*c**2 + 10*c + 19. Let s be z(-4). What is the highest common factor of s and 215?
43
Let a = 133 + -58. Suppose 0 = 4*g + 4*s + 1 - 29, g = 3*s + 23. Suppose 0 = -g*x - 61 + 226. What is the highest common factor of x and a?
15
Let c be 2/(-12) - (-23001)/738. Calculate the greatest common divisor of 2325 and c.
31
Let t(z) = z**3 - 7*z**2 - 4*z - 17. Suppose 2*j - j = 8. Let o be t(j). What is the highest common factor of o and 3?
3
Suppose 22*y - 30 = 16*y. Suppose 0 = -4*m + 8*m - 20. Let f be (-4)/(-14) - m/(-7). Calculate the highest common divisor of y and f.
1
Suppose 2*p = -2*p + 8. Let b = 0 + p. Suppose -330 = -0*x - b*x. What is the highest common divisor of 15 and x?
15
Suppose -3*p + 86 = -2*q + 445, 4*q + p - 697 = 0. Calculate the greatest common divisor of 25 and q.
25
Suppose -19*u = -h - 78, 3*h - 5*u = -18 + 44. Let i(k) = 85*k**2 + k - 1. Let c be i(1). Calculate the greatest common divisor of c and h.
17
Let n(y) = y - 1. Let v be n(-5). Let r be (4/v)/((-11)/33) - -10. Let i = 2 - -46. What is the greatest common factor of r and i?
12
Suppose 3*c + 39 = -27. Let x be (-11)/c + (-47)/(-2). Let n = x - 15. Calculate the greatest common divisor of 36 and n.
9
Let b = 7 + 43. Let n = 82 - b. Calculate the highest common divisor of n and 128.
32
Let y be 1773/27 + 40/(-24). Suppose -36 = -5*f + 4*j, -4*f = -3*f - 5*j - 3. What is the greatest common divisor of y and f?
8
Let u(k) = 2*k**3 - k**2 + 2*k - 2. Let y be u(1). Let n be (-1 - y) + (-212)/(-2). Calculate the greatest common factor of 13 and n.
13
Suppose 313 = 12*h - 47. Calculate the highest common divisor of 30 and h.
30
Suppose -s + 27 = -5*o, -3*o = -5*s + 2*o + 35. Suppose -7 = -4*b + 5*p + 3, 2*b + s*p = 14. What is the highest common divisor of 15 and b?
5
Let m = -73 - -77. Suppose m*f + 6*p = p + 970, -3*f + 5*p = -745. What is the highest common divisor of 35 and f?
35
Let o(i) = i**3 - 9*i**2 + 23*i + 11. Let m be o(5). What is the greatest common divisor of m and 117?
13
Let o = -459 - -507. What is the highest common divisor of 168 and o?
24
Let h be ((1372 - 2) + -2)*(-4)/(-6). What is the highest common factor of 57 and h?
57
Let x be (-1 + 2 - -1)/(-2). Let h = x - -4. Let q = 3 + h. What is the greatest common divisor of q and 6?
6
Let k(x) = -x**2 + 22*x - 11. Let i be k(20). Calculate the highest common factor of 1 and i.
1
Let u = -41 + 43. Suppose -3*v + 175 = -u*p, v + 3*p - 39 = 1. What is the greatest common factor of v and 22?
11
Let k(h) = 33*h - 1. Let d(l) = -16*l + 1. Let m(w) = -5*d(w) - 3*k(w). Let c be m(-6). What is the greatest common divisor of c and 16?
16
Suppose 4*j - 37 = -13. Let k(c) be the second derivative of c**4/12 - 5*c**3/6 + 2*c**2 - 12*c. Let l be k(j). What is the greatest common factor of 50 and l?
10
Let t = 243 + -205. What is the greatest common divisor of t and 361?
19
Let f be (-60)/(-18)*6/(-4) - -160. What is the highest common divisor of f and 62?
31
Let q = 9 - 5. Let h = 519 + -522. Let b be (48/q - 4) + h. Calculate the highest common divisor of b and 25.
5
Suppose 5*v = -36 - 64. Let h be (12/v - 0)*-5. Let k(a) = 2*a - 1. Let p be k(1). Calculate the highest common factor of h and p.
1
Suppose -33*s = -12*s - 3444. What is the highest common divisor of s and 16?
4
Let y = -623 - -903. Let i(t) = -t**3 + 3*t**2 - 5*t - 34. Let l be i(-3). Calculate the greatest common divisor of y and l.
35
Let w = 110 - 46. Let x(j) = 3*j - 25. Let s be x(17). Let g = s + -18. Calculate the greatest common factor of w and g.
8
Suppose -5*v + 20 = -0. Suppose 7*m - 22 + 295 = 0. Let t be 164/6 + (-26)/m. Calculate the greatest common factor of t and v.
4
Let x be (-3)/(-9) + 528/36. What is the greatest common factor of x and 3?
3
Let v = 287 - -64. What is the greatest common divisor of 27 and v?
27
Let c = -390 + 422. Calculate the highest common factor of c and 96.
32
Suppose -u + 4 - 2 = 0. Let d(r) = 6*r**3 - 3*r**2. Let i be d(u). Let p(q) = -5*q - 21. Let b be p(-5). What is the highest common factor of i and b?
4
Let p = -609 + 961. What is the highest common divisor of p and 160?
32
Let b(q) = -q**2 + 2*q + 7. Let j be b(3). Let m(c) = c**3 - 9*c + 2. Let p be m(j). What is the highest common divisor of p and 6?
6
Suppose -3*k + 24 = 3*k. Suppose 4*f - 44 + 236 = k*h, 174 = 4*h + 2*f. Calculate the highest common factor of 18 and h.
9
Let j = -26 - -38. Suppose 5*c - 8 = 5*p + j, 4*p - 16 = 0. What is the highest common divisor of c and 88?
8
Let i be (-6321)/6*-1*(-9 + 11). What is the greatest common factor of i and 49?
49
Suppose -o + 2*o + 34 = 5*s, -4*o = 5*s + 211. Let w = o - -94. Suppose -w = v - 2*v. What is the greatest common factor of 15 and v?
15
Let j = 102 - 91. What is the greatest common divisor of 253 and j?
11
Let a = 43 + -1. Let w be (-2023)/(-221) + (-2)/13. Suppose -2*o = i - 0*i - 9, -4*o = 5*i - w. Calculate the greatest common factor of a and o.
6
Suppose -2*r - 1790 = -5*z, -8*z = -9*z + 2*r + 350. Calculate the greatest common divisor of z and 576.
72
Let d be (-12)/(-8) - (-805)/(-14). Let u be (7/(d/(-132)))/((-9)/(-24)). What is the hi